{"id":54,"date":"2024-03-17T23:22:24","date_gmt":"2024-03-17T22:22:24","guid":{"rendered":"https:\/\/schlachthoffestival-traunsee.at\/?page_id=54"},"modified":"2025-01-11T01:18:26","modified_gmt":"2025-01-11T00:18:26","slug":"about","status":"publish","type":"page","link":"https:\/\/schlachthoffestival-traunsee.at\/?page_id=54","title":{"rendered":""},"content":{"rendered":"\n<div class=\"wp-block-uagb-advanced-heading uagb-block-06902bad\"><h1 class=\"uagb-heading-text\">\u00dcBER UNS<\/h1><\/div>\n\n\n\n<p>Das \u201cSchlachthoffestival Traunsee\u201d ist ein zeitgen\u00f6ssisches Mehrsparten-Projekt, das erstmals im April 2022 stattfand und K\u00fcnstler*innen aus Bereichen der Bildenden Kunst, Musik, Literatur, Theater und Performance miteinander verbindet. Auch dieses Jahr soll vom <strong>02. &#8211; 04. Mai 2025<\/strong> der Gruber-Schlachthof in Traunkirchen bespielt werden. Der Schlachthof wird so zu einem &#8222;off-space&#8220;, zu einem neuen Ort der Begegnung mit regionalen und \u00fcberregionalen K\u00fcnstler*innen, der Besucher*innen zum Verweilen einl\u00e4dt.<\/p>\n\n\n\n<p>The &#8222;Schlachthoffestival&#8220; is a contemporary multi-genre project that took place for the first time in April 2022 and connects artists from the fields of fine arts, music, literature, theater and performance. The slaughterhouse Gruber in Traunkirchen is to be used again this year from <strong>May 2nd to 4th 2025<\/strong>. The slaughterhouse thus becomes an off-space, a new place for encounters with regional and national artists that invites visitors&nbsp;to&nbsp;linger.<\/p>\n\n\n\n<p><\/p>\n\n\n\n<div class=\"wp-block-uagb-container uagb-block-7021be54 alignfull uagb-is-root-container\"><div class=\"uagb-container-inner-blocks-wrap\">\n<div class=\"wp-block-uagb-container uagb-block-04c5edc8\">\n<figure class=\"wp-block-image aligncenter size-full\"><img fetchpriority=\"high\" decoding=\"async\" width=\"508\" height=\"338\" src=\"https:\/\/schlachthoffestival-traunsee.at\/wp-content\/uploads\/2024\/04\/gemiensem.webp\" alt=\"\" class=\"wp-image-475\" srcset=\"https:\/\/schlachthoffestival-traunsee.at\/wp-content\/uploads\/2024\/04\/gemiensem.webp 508w, https:\/\/schlachthoffestival-traunsee.at\/wp-content\/uploads\/2024\/04\/gemiensem-300x200.webp 300w\" sizes=\"(max-width: 508px) 100vw, 508px\" \/><\/figure>\n<\/div>\n\n\n\n<div class=\"wp-block-uagb-container uagb-block-1a3ef933\">\n<figure class=\"wp-block-image aligncenter size-large\"><img decoding=\"async\" width=\"1024\" height=\"683\" src=\"https:\/\/schlachthoffestival-traunsee.at\/wp-content\/uploads\/2024\/03\/Schlachthof_2022_292-1024x683.jpg\" alt=\"\" class=\"wp-image-293\" srcset=\"https:\/\/schlachthoffestival-traunsee.at\/wp-content\/uploads\/2024\/03\/Schlachthof_2022_292-1024x683.jpg 1024w, https:\/\/schlachthoffestival-traunsee.at\/wp-content\/uploads\/2024\/03\/Schlachthof_2022_292-300x200.jpg 300w, https:\/\/schlachthoffestival-traunsee.at\/wp-content\/uploads\/2024\/03\/Schlachthof_2022_292-2000x1333.jpg 2000w, https:\/\/schlachthoffestival-traunsee.at\/wp-content\/uploads\/2024\/03\/Schlachthof_2022_292-600x400.jpg 600w, https:\/\/schlachthoffestival-traunsee.at\/wp-content\/uploads\/2024\/03\/Schlachthof_2022_292-1200x800.jpg 1200w\" sizes=\"(max-width: 1024px) 100vw, 1024px\" \/><\/figure>\n<\/div>\n\n\n\n<div class=\"wp-block-uagb-container uagb-block-452431f4\">\n<div class=\"wp-block-uagb-image aligncenter uagb-block-aa9069c7 wp-block-uagb-image--layout-overlay wp-block-uagb-image--effect-static wp-block-uagb-image--align-center\"><figure class=\"wp-block-uagb-image__figure\"><img loading=\"lazy\" decoding=\"async\"  sizes=\"(max-width: 480px) 150px\" src=\"https:\/\/schlachthoffestival-traunsee.at\/wp-content\/uploads\/2024\/03\/20230522_111812-scaled-e1710738605252.jpg\" alt=\"\" width=\"271\" height=\"361\" title=\"\" loading=\"lazy\" role=\"img\"\/><div class=\"wp-block-uagb-image--layout-overlay__color-wrapper\"><\/div><div class=\"wp-block-uagb-image--layout-overlay__inner center-center\"><h2 class=\"uagb-image-heading\">Schlachthof-Crew 2025<br><\/h2><figcaption class=\"uagb-image-caption\"><br>v. li. n re. Cornel Entfellner, Marie Gruber, Lea Wiednig, Vera Kern, Sebastian Neub\u00f6ck<\/figcaption><\/div><\/figure><\/div>\n<\/div>\n<\/div><\/div>\n","protected":false},"excerpt":{"rendered":"<p>\u00dcBER UNS Das \u201cSchlachthoffestival Traunsee\u201d ist ein zeitgen\u00f6ssisches Mehrsparten-Projekt, das erstmals im April 2022 stattfand und K\u00fcnstler*innen aus Bereichen der Bildenden Kunst, Musik, Literatur, Theater und Performance miteinander verbindet. Auch dieses Jahr soll vom 02. &#8211; 04. Mai 2025 der Gruber-Schlachthof in Traunkirchen bespielt werden. Der Schlachthof wird so zu einem &#8222;off-space&#8220;, zu einem neuen &hellip; <\/p>\n<p class=\"link-more\"><a href=\"https:\/\/schlachthoffestival-traunsee.at\/?page_id=54\" class=\"more-link\">Mehr <span class=\"screen-reader-text\">\u00fcber &#8222;&#8220; <\/span>Lesen<\/a><\/p>\n","protected":false},"author":1,"featured_media":992,"parent":0,"menu_order":0,"comment_status":"closed","ping_status":"closed","template":"","meta":{"_uag_custom_page_level_css":"","footnotes":""},"yoast_head":"<!-- This site is optimized with the Yoast SEO plugin v24.5 - https:\/\/yoast.com\/wordpress\/plugins\/seo\/ -->\n<title>- Schlachthoffestival Traunsee<\/title>\n<meta name=\"robots\" content=\"index, follow, max-snippet:-1, max-image-preview:large, max-video-preview:-1\" \/>\n<link rel=\"canonical\" href=\"https:\/\/schlachthoffestival-traunsee.at\/?page_id=54\" \/>\n<meta property=\"og:locale\" content=\"de_DE\" \/>\n<meta property=\"og:type\" content=\"article\" \/>\n<meta property=\"og:title\" content=\"- Schlachthoffestival Traunsee\" \/>\n<meta property=\"og:description\" content=\"\u00dcBER UNS Das \u201cSchlachthoffestival Traunsee\u201d ist ein zeitgen\u00f6ssisches Mehrsparten-Projekt, das erstmals im April 2022 stattfand und K\u00fcnstler*innen aus Bereichen der Bildenden Kunst, Musik, Literatur, Theater und Performance miteinander verbindet. Auch dieses Jahr soll vom 02. &#8211; 04. Mai 2025 der Gruber-Schlachthof in Traunkirchen bespielt werden. Der Schlachthof wird so zu einem &#8222;off-space&#8220;, zu einem neuen &hellip; Mehr \u00fcber &quot;&quot; Lesen\" \/>\n<meta property=\"og:url\" content=\"https:\/\/schlachthoffestival-traunsee.at\/?page_id=54\" \/>\n<meta property=\"og:site_name\" content=\"Schlachthoffestival Traunsee\" \/>\n<meta property=\"article:modified_time\" content=\"2025-01-11T00:18:26+00:00\" \/>\n<meta property=\"og:image\" content=\"https:\/\/schlachthoffestival-traunsee.at\/wp-content\/uploads\/2024\/05\/IMG_5510.jpg\" \/>\n\t<meta property=\"og:image:width\" content=\"2400\" \/>\n\t<meta property=\"og:image:height\" content=\"1600\" \/>\n\t<meta property=\"og:image:type\" content=\"image\/jpeg\" \/>\n<meta name=\"twitter:card\" content=\"summary_large_image\" \/>\n<meta name=\"twitter:label1\" content=\"Gesch\u00e4tzte Lesezeit\" \/>\n\t<meta name=\"twitter:data1\" content=\"2\u00a0Minuten\" \/>\n<script type=\"application\/ld+json\" class=\"yoast-schema-graph\">{\"@context\":\"https:\/\/schema.org\",\"@graph\":[{\"@type\":\"WebPage\",\"@id\":\"https:\/\/schlachthoffestival-traunsee.at\/?page_id=54\",\"url\":\"https:\/\/schlachthoffestival-traunsee.at\/?page_id=54\",\"name\":\"- Schlachthoffestival Traunsee\",\"isPartOf\":{\"@id\":\"https:\/\/schlachthoffestival-traunsee.at\/#website\"},\"primaryImageOfPage\":{\"@id\":\"https:\/\/schlachthoffestival-traunsee.at\/?page_id=54#primaryimage\"},\"image\":{\"@id\":\"https:\/\/schlachthoffestival-traunsee.at\/?page_id=54#primaryimage\"},\"thumbnailUrl\":\"https:\/\/schlachthoffestival-traunsee.at\/wp-content\/uploads\/2024\/05\/IMG_5510.jpg\",\"datePublished\":\"2024-03-17T22:22:24+00:00\",\"dateModified\":\"2025-01-11T00:18:26+00:00\",\"inLanguage\":\"de\",\"potentialAction\":[{\"@type\":\"ReadAction\",\"target\":[\"https:\/\/schlachthoffestival-traunsee.at\/?page_id=54\"]}]},{\"@type\":\"ImageObject\",\"inLanguage\":\"de\",\"@id\":\"https:\/\/schlachthoffestival-traunsee.at\/?page_id=54#primaryimage\",\"url\":\"https:\/\/schlachthoffestival-traunsee.at\/wp-content\/uploads\/2024\/05\/IMG_5510.jpg\",\"contentUrl\":\"https:\/\/schlachthoffestival-traunsee.at\/wp-content\/uploads\/2024\/05\/IMG_5510.jpg\",\"width\":2400,\"height\":1600},{\"@type\":\"WebSite\",\"@id\":\"https:\/\/schlachthoffestival-traunsee.at\/#website\",\"url\":\"https:\/\/schlachthoffestival-traunsee.at\/\",\"name\":\"Schlachthoffestival Traunsee\",\"description\":\"\",\"publisher\":{\"@id\":\"https:\/\/schlachthoffestival-traunsee.at\/#organization\"},\"potentialAction\":[{\"@type\":\"SearchAction\",\"target\":{\"@type\":\"EntryPoint\",\"urlTemplate\":\"https:\/\/schlachthoffestival-traunsee.at\/?s={search_term_string}\"},\"query-input\":{\"@type\":\"PropertyValueSpecification\",\"valueRequired\":true,\"valueName\":\"search_term_string\"}}],\"inLanguage\":\"de\"},{\"@type\":\"Organization\",\"@id\":\"https:\/\/schlachthoffestival-traunsee.at\/#organization\",\"name\":\"Schlachthoffestival Traunsee\",\"url\":\"https:\/\/schlachthoffestival-traunsee.at\/\",\"logo\":{\"@type\":\"ImageObject\",\"inLanguage\":\"de\",\"@id\":\"https:\/\/schlachthoffestival-traunsee.at\/#\/schema\/logo\/image\/\",\"url\":\"https:\/\/schlachthoffestival-traunsee.at\/wp-content\/uploads\/2026\/04\/cropped-cropped-WhatsApp-Image-2026-03-31-at-19.49.321-1.jpeg\",\"contentUrl\":\"https:\/\/schlachthoffestival-traunsee.at\/wp-content\/uploads\/2026\/04\/cropped-cropped-WhatsApp-Image-2026-03-31-at-19.49.321-1.jpeg\",\"width\":512,\"height\":512,\"caption\":\"Schlachthoffestival Traunsee\"},\"image\":{\"@id\":\"https:\/\/schlachthoffestival-traunsee.at\/#\/schema\/logo\/image\/\"}}]}<\/script>\n<!-- \/ Yoast SEO plugin. -->","yoast_head_json":{"title":"- Schlachthoffestival Traunsee","robots":{"index":"index","follow":"follow","max-snippet":"max-snippet:-1","max-image-preview":"max-image-preview:large","max-video-preview":"max-video-preview:-1"},"canonical":"https:\/\/schlachthoffestival-traunsee.at\/?page_id=54","og_locale":"de_DE","og_type":"article","og_title":"- Schlachthoffestival Traunsee","og_description":"\u00dcBER UNS Das \u201cSchlachthoffestival Traunsee\u201d ist ein zeitgen\u00f6ssisches Mehrsparten-Projekt, das erstmals im April 2022 stattfand und K\u00fcnstler*innen aus Bereichen der Bildenden Kunst, Musik, Literatur, Theater und Performance miteinander verbindet. Auch dieses Jahr soll vom 02. &#8211; 04. Mai 2025 der Gruber-Schlachthof in Traunkirchen bespielt werden. Der Schlachthof wird so zu einem &#8222;off-space&#8220;, zu einem neuen &hellip; Mehr \u00fcber \"\" Lesen","og_url":"https:\/\/schlachthoffestival-traunsee.at\/?page_id=54","og_site_name":"Schlachthoffestival Traunsee","article_modified_time":"2025-01-11T00:18:26+00:00","og_image":[{"width":2400,"height":1600,"url":"https:\/\/schlachthoffestival-traunsee.at\/wp-content\/uploads\/2024\/05\/IMG_5510.jpg","type":"image\/jpeg"}],"twitter_card":"summary_large_image","twitter_misc":{"Gesch\u00e4tzte Lesezeit":"2\u00a0Minuten"},"schema":{"@context":"https:\/\/schema.org","@graph":[{"@type":"WebPage","@id":"https:\/\/schlachthoffestival-traunsee.at\/?page_id=54","url":"https:\/\/schlachthoffestival-traunsee.at\/?page_id=54","name":"- Schlachthoffestival Traunsee","isPartOf":{"@id":"https:\/\/schlachthoffestival-traunsee.at\/#website"},"primaryImageOfPage":{"@id":"https:\/\/schlachthoffestival-traunsee.at\/?page_id=54#primaryimage"},"image":{"@id":"https:\/\/schlachthoffestival-traunsee.at\/?page_id=54#primaryimage"},"thumbnailUrl":"https:\/\/schlachthoffestival-traunsee.at\/wp-content\/uploads\/2024\/05\/IMG_5510.jpg","datePublished":"2024-03-17T22:22:24+00:00","dateModified":"2025-01-11T00:18:26+00:00","inLanguage":"de","potentialAction":[{"@type":"ReadAction","target":["https:\/\/schlachthoffestival-traunsee.at\/?page_id=54"]}]},{"@type":"ImageObject","inLanguage":"de","@id":"https:\/\/schlachthoffestival-traunsee.at\/?page_id=54#primaryimage","url":"https:\/\/schlachthoffestival-traunsee.at\/wp-content\/uploads\/2024\/05\/IMG_5510.jpg","contentUrl":"https:\/\/schlachthoffestival-traunsee.at\/wp-content\/uploads\/2024\/05\/IMG_5510.jpg","width":2400,"height":1600},{"@type":"WebSite","@id":"https:\/\/schlachthoffestival-traunsee.at\/#website","url":"https:\/\/schlachthoffestival-traunsee.at\/","name":"Schlachthoffestival Traunsee","description":"","publisher":{"@id":"https:\/\/schlachthoffestival-traunsee.at\/#organization"},"potentialAction":[{"@type":"SearchAction","target":{"@type":"EntryPoint","urlTemplate":"https:\/\/schlachthoffestival-traunsee.at\/?s={search_term_string}"},"query-input":{"@type":"PropertyValueSpecification","valueRequired":true,"valueName":"search_term_string"}}],"inLanguage":"de"},{"@type":"Organization","@id":"https:\/\/schlachthoffestival-traunsee.at\/#organization","name":"Schlachthoffestival Traunsee","url":"https:\/\/schlachthoffestival-traunsee.at\/","logo":{"@type":"ImageObject","inLanguage":"de","@id":"https:\/\/schlachthoffestival-traunsee.at\/#\/schema\/logo\/image\/","url":"https:\/\/schlachthoffestival-traunsee.at\/wp-content\/uploads\/2026\/04\/cropped-cropped-WhatsApp-Image-2026-03-31-at-19.49.321-1.jpeg","contentUrl":"https:\/\/schlachthoffestival-traunsee.at\/wp-content\/uploads\/2026\/04\/cropped-cropped-WhatsApp-Image-2026-03-31-at-19.49.321-1.jpeg","width":512,"height":512,"caption":"Schlachthoffestival Traunsee"},"image":{"@id":"https:\/\/schlachthoffestival-traunsee.at\/#\/schema\/logo\/image\/"}}]}},"uagb_featured_image_src":{"full":["https:\/\/schlachthoffestival-traunsee.at\/wp-content\/uploads\/2024\/05\/IMG_5510.jpg",2400,1600,false],"thumbnail":["https:\/\/schlachthoffestival-traunsee.at\/wp-content\/uploads\/2024\/05\/IMG_5510-150x150.jpg",150,150,true],"medium":["https:\/\/schlachthoffestival-traunsee.at\/wp-content\/uploads\/2024\/05\/IMG_5510-300x200.jpg",300,200,true],"medium_large":["https:\/\/schlachthoffestival-traunsee.at\/wp-content\/uploads\/2024\/05\/IMG_5510.jpg",768,512,false],"large":["https:\/\/schlachthoffestival-traunsee.at\/wp-content\/uploads\/2024\/05\/IMG_5510-1024x683.jpg",950,634,true],"1536x1536":["https:\/\/schlachthoffestival-traunsee.at\/wp-content\/uploads\/2024\/05\/IMG_5510-1536x1024.jpg",1536,1024,true],"2048x2048":["https:\/\/schlachthoffestival-traunsee.at\/wp-content\/uploads\/2024\/05\/IMG_5510-2048x1365.jpg",2048,1365,true],"inspiro-featured-image":["https:\/\/schlachthoffestival-traunsee.at\/wp-content\/uploads\/2024\/05\/IMG_5510-2000x1333.jpg",2000,1333,true],"inspiro-loop":["https:\/\/schlachthoffestival-traunsee.at\/wp-content\/uploads\/2024\/05\/IMG_5510-950x320.jpg",950,320,true],"inspiro-loop@2x":["https:\/\/schlachthoffestival-traunsee.at\/wp-content\/uploads\/2024\/05\/IMG_5510-1900x640.jpg",1900,640,true],"portfolio_item-thumbnail":["https:\/\/schlachthoffestival-traunsee.at\/wp-content\/uploads\/2024\/05\/IMG_5510-600x400.jpg",600,400,true],"portfolio_item-thumbnail@2x":["https:\/\/schlachthoffestival-traunsee.at\/wp-content\/uploads\/2024\/05\/IMG_5510-1200x800.jpg",1200,800,true],"portfolio_item-masonry":["https:\/\/schlachthoffestival-traunsee.at\/wp-content\/uploads\/2024\/05\/IMG_5510-600x400.jpg",600,400,true],"portfolio_item-masonry@2x":["https:\/\/schlachthoffestival-traunsee.at\/wp-content\/uploads\/2024\/05\/IMG_5510-1200x800.jpg",1200,800,true],"portfolio_item-thumbnail_cinema":["https:\/\/schlachthoffestival-traunsee.at\/wp-content\/uploads\/2024\/05\/IMG_5510-800x335.jpg",800,335,true],"portfolio_item-thumbnail_portrait":["https:\/\/schlachthoffestival-traunsee.at\/wp-content\/uploads\/2024\/05\/IMG_5510-600x900.jpg",600,900,true],"portfolio_item-thumbnail_portrait@2x":["https:\/\/schlachthoffestival-traunsee.at\/wp-content\/uploads\/2024\/05\/IMG_5510-1200x1600.jpg",1200,1600,true],"portfolio_item-thumbnail_square":["https:\/\/schlachthoffestival-traunsee.at\/wp-content\/uploads\/2024\/05\/IMG_5510-800x800.jpg",800,800,true]},"uagb_author_info":{"display_name":"schlachthoffestival.traunsee","author_link":"https:\/\/schlachthoffestival-traunsee.at\/?author=1"},"uagb_comment_info":0,"uagb_excerpt":"\u00dcBER UNS Das \u201cSchlachthoffestival Traunsee\u201d ist ein zeitgen\u00f6ssisches Mehrsparten-Projekt, das erstmals im April 2022 stattfand und K\u00fcnstler*innen aus Bereichen der Bildenden Kunst, Musik, Literatur, Theater und Performance miteinander verbindet. Auch dieses Jahr soll vom 02. &#8211; 04. Mai 2025 der Gruber-Schlachthof in Traunkirchen bespielt werden. Der Schlachthof wird so zu einem &#8222;off-space&#8220;, zu einem neuen&hellip;","featured_media_urls":{"thumbnail":["https:\/\/schlachthoffestival-traunsee.at\/wp-content\/uploads\/2024\/05\/IMG_5510-150x150.jpg",150,150,true],"medium":["https:\/\/schlachthoffestival-traunsee.at\/wp-content\/uploads\/2024\/05\/IMG_5510-300x200.jpg",300,200,true],"medium_large":["https:\/\/schlachthoffestival-traunsee.at\/wp-content\/uploads\/2024\/05\/IMG_5510.jpg",768,512,false],"large":["https:\/\/schlachthoffestival-traunsee.at\/wp-content\/uploads\/2024\/05\/IMG_5510-1024x683.jpg",950,634,true],"1536x1536":["https:\/\/schlachthoffestival-traunsee.at\/wp-content\/uploads\/2024\/05\/IMG_5510-1536x1024.jpg",1536,1024,true],"2048x2048":["https:\/\/schlachthoffestival-traunsee.at\/wp-content\/uploads\/2024\/05\/IMG_5510-2048x1365.jpg",2048,1365,true],"inspiro-featured-image":["https:\/\/schlachthoffestival-traunsee.at\/wp-content\/uploads\/2024\/05\/IMG_5510-2000x1333.jpg",2000,1333,true],"inspiro-loop":["https:\/\/schlachthoffestival-traunsee.at\/wp-content\/uploads\/2024\/05\/IMG_5510-950x320.jpg",950,320,true],"inspiro-loop@2x":["https:\/\/schlachthoffestival-traunsee.at\/wp-content\/uploads\/2024\/05\/IMG_5510-1900x640.jpg",1900,640,true],"portfolio_item-thumbnail":["https:\/\/schlachthoffestival-traunsee.at\/wp-content\/uploads\/2024\/05\/IMG_5510-600x400.jpg",600,400,true],"portfolio_item-thumbnail@2x":["https:\/\/schlachthoffestival-traunsee.at\/wp-content\/uploads\/2024\/05\/IMG_5510-1200x800.jpg",1200,800,true],"portfolio_item-masonry":["https:\/\/schlachthoffestival-traunsee.at\/wp-content\/uploads\/2024\/05\/IMG_5510-600x400.jpg",600,400,true],"portfolio_item-masonry@2x":["https:\/\/schlachthoffestival-traunsee.at\/wp-content\/uploads\/2024\/05\/IMG_5510-1200x800.jpg",1200,800,true],"portfolio_item-thumbnail_cinema":["https:\/\/schlachthoffestival-traunsee.at\/wp-content\/uploads\/2024\/05\/IMG_5510-800x335.jpg",800,335,true],"portfolio_item-thumbnail_portrait":["https:\/\/schlachthoffestival-traunsee.at\/wp-content\/uploads\/2024\/05\/IMG_5510-600x900.jpg",600,900,true],"portfolio_item-thumbnail_portrait@2x":["https:\/\/schlachthoffestival-traunsee.at\/wp-content\/uploads\/2024\/05\/IMG_5510-1200x1600.jpg",1200,1600,true],"portfolio_item-thumbnail_square":["https:\/\/schlachthoffestival-traunsee.at\/wp-content\/uploads\/2024\/05\/IMG_5510-800x800.jpg",800,800,true]},"_links":{"self":[{"href":"https:\/\/schlachthoffestival-traunsee.at\/index.php?rest_route=\/wp\/v2\/pages\/54"}],"collection":[{"href":"https:\/\/schlachthoffestival-traunsee.at\/index.php?rest_route=\/wp\/v2\/pages"}],"about":[{"href":"https:\/\/schlachthoffestival-traunsee.at\/index.php?rest_route=\/wp\/v2\/types\/page"}],"author":[{"embeddable":true,"href":"https:\/\/schlachthoffestival-traunsee.at\/index.php?rest_route=\/wp\/v2\/users\/1"}],"replies":[{"embeddable":true,"href":"https:\/\/schlachthoffestival-traunsee.at\/index.php?rest_route=%2Fwp%2Fv2%2Fcomments&post=54"}],"version-history":[{"count":13,"href":"https:\/\/schlachthoffestival-traunsee.at\/index.php?rest_route=\/wp\/v2\/pages\/54\/revisions"}],"predecessor-version":[{"id":1327,"href":"https:\/\/schlachthoffestival-traunsee.at\/index.php?rest_route=\/wp\/v2\/pages\/54\/revisions\/1327"}],"wp:featuredmedia":[{"embeddable":true,"href":"https:\/\/schlachthoffestival-traunsee.at\/index.php?rest_route=\/wp\/v2\/media\/992"}],"wp:attachment":[{"href":"https:\/\/schlachthoffestival-traunsee.at\/index.php?rest_route=%2Fwp%2Fv2%2Fmedia&parent=54"}],"curies":[{"name":"wp","href":"https:\/\/api.w.org\/{rel}","templated":true}]}}