{"id":1193,"date":"2024-12-27T17:53:19","date_gmt":"2024-12-27T16:53:19","guid":{"rendered":"https:\/\/schlachthoffestival-traunsee.at\/?page_id=1193"},"modified":"2025-04-12T20:02:55","modified_gmt":"2025-04-12T18:02:55","slug":"festival-2025","status":"publish","type":"page","link":"https:\/\/schlachthoffestival-traunsee.at\/?page_id=1193","title":{"rendered":""},"content":{"rendered":"\n<p><\/p>\n\n\n\n<div class=\"wp-block-cover\"><span aria-hidden=\"true\" class=\"wp-block-cover__background has-primary-background-color has-background-dim\"><\/span><img fetchpriority=\"high\" decoding=\"async\" width=\"1600\" height=\"1066\" class=\"wp-block-cover__image-background wp-image-1596\" alt=\"\" src=\"https:\/\/schlachthoffestival-traunsee.at\/wp-content\/uploads\/2025\/04\/Foto-von-Gschosmo2.jpg\" data-object-fit=\"cover\" srcset=\"https:\/\/schlachthoffestival-traunsee.at\/wp-content\/uploads\/2025\/04\/Foto-von-Gschosmo2.jpg 1600w, https:\/\/schlachthoffestival-traunsee.at\/wp-content\/uploads\/2025\/04\/Foto-von-Gschosmo2-300x200.jpg 300w, https:\/\/schlachthoffestival-traunsee.at\/wp-content\/uploads\/2025\/04\/Foto-von-Gschosmo2-1024x682.jpg 1024w\" sizes=\"(max-width: 1600px) 100vw, 1600px\" \/><div class=\"wp-block-cover__inner-container has-global-padding is-layout-constrained wp-block-cover-is-layout-constrained\">\n<div class=\"wp-block-uagb-advanced-heading uagb-block-7dd198d1\"><h2 class=\"uagb-heading-text\"><strong>Schlachthoffestival Traunsee 202<\/strong>5<\/h2><\/div>\n\n\n\n<div class=\"wp-block-uagb-advanced-heading uagb-block-b2716e9e\"><h1 class=\"uagb-heading-text\"><strong>2. &#8211; 4. Mai 2025<\/strong><\/h1><\/div>\n\n\n\n<div class=\"wp-block-buttons has-custom-font-size has-medium-font-size is-horizontal is-content-justification-center is-layout-flex wp-container-core-buttons-is-layout-1 wp-block-buttons-is-layout-flex\"><\/div>\n<\/div><\/div>\n\n\n\n<div class=\"wp-block-columns is-layout-flex wp-container-core-columns-is-layout-1 wp-block-columns-is-layout-flex\">\n<div class=\"wp-block-column is-layout-flow wp-block-column-is-layout-flow\">\n<p><\/p>\n\n\n\n<p><\/p>\n\n\n\n<div class=\"wp-block-uagb-advanced-heading uagb-block-1be7d929\"><h1 class=\"uagb-heading-text\"><strong>Can We Skip To The Good Part?<\/strong><\/h1><\/div>\n\n\n\n<p><\/p>\n\n\n\n<p><strong>So lautet der \u00fcbergeordnete Titel, des Schlachthoffestival Traunsee 2025, welchesvom 2. bis zum 4. Mai 2025 erneut im Gruber Schlachthof in Traunkirchen stattfindenwird.<\/strong><\/p>\n<\/div>\n<\/div>\n\n\n\n<p>Das Schlachthoffestival Traunsee ist seit Beginn an ein Projekt der Gemeinschaftlichkeit. Wir bieten dir eine einzigartige Ausstellungsm\u00f6glichkeit in einem aktiven Schlachthof, der sich f\u00fcr drei Tage in einen Ort der Kunst und des Miteinanders verwandelt. Den Ausstellenden wird f\u00fcr diese drei Tage sowohl eine Unterkunft zur Verf\u00fcgung gestellt als auch f\u00fcr Verpflegung gesorgt. Als Ausstellende*r bist du Teil eines Netzwerks, welches das Festival mittr\u00e4gt: wir kochen, leben und helfen die drei Tage zusammen.<\/p>\n\n\n\n<p>Das Schlachthoffestival Traunsee soll zu einem Spielplatz werden, wo Austausch entstehen kann und (neue) Freund*innenschaften gekn\u00fcpft und vertieft werden. Das Netzwerk und Supportsystem soll demnach auch \u00fcber das Festival hinaus bestehen bleiben. Unser Wunsch ist also, dass sich die Bewerber*innen auf diese gemeinschaftliche Erfahrung einlassen. Wir freuen uns \u00fcber erste Konzeptideen, \u00fcber Konkretes und Tr\u00e4umerisches, \u00fcber Gedankeng\u00e4nge und bereits fertige Arbeiten aus den Bereichen der Bildenden Kunst, Literatur, Performance, Tanz und Theater.<\/p>\n\n\n\n<p class=\"has-text-align-left has-medium-font-size\"><strong>Was muss ich tun, um dabei zu sein?<\/strong><\/p>\n\n\n\n<p class=\"has-text-align-left\">Schicke deine Bewerbung bis zum <strong>9. Februar 2025<\/strong> an <strong><a href=\"mailto:schlachthoffestival.traunsee@gmail.com\">schlachthoffestival.traunsee@gmail.com<\/a><\/strong><\/p>\n\n\n\n<p class=\"has-text-align-left has-medium-font-size\"><strong>Was sollte deine Bewerbung beinhalten?<\/strong><\/p>\n\n\n\n<p class=\"has-text-align-left\">Eine kurze Vorstellung zu dir und deine Konzeptidee bzw. die k\u00fcnstlerische Arbeit, die du gerne ausstellen w\u00fcrdest.<\/p>\n\n\n\n<p><\/p>\n\n\n\n<p class=\"has-text-align-center\"><strong>Bei Fragen kontaktiere uns gerne jederzeit!<\/strong> <strong>Dein Schlachthoffestival Traunsee Team<\/strong><\/p>\n\n\n\n<p class=\"has-text-align-center\"><strong>Mehr Infos findest du in der darunter liegenden Datei<\/strong><\/p>\n\n\n\n<div class=\"wp-block-columns is-layout-flex wp-container-core-columns-is-layout-2 wp-block-columns-is-layout-flex\">\n<div class=\"wp-block-column is-layout-flow wp-block-column-is-layout-flow\"><\/div>\n<\/div>\n\n\n\n<p><\/p>\n\n\n\n<div data-wp-interactive=\"core\/file\" class=\"wp-block-file\"><object data-wp-bind--hidden=\"!state.hasPdfPreview\"  class=\"wp-block-file__embed\" data=\"https:\/\/schlachthoffestival-traunsee.at\/wp-content\/uploads\/2024\/12\/Ausschreibung_Layout__.pdf\" type=\"application\/pdf\" style=\"width:100%;height:600px\" aria-label=\"Einbettung von Open Call - Schlachthoffestival Traunsee 2025.\"><\/object><a id=\"wp-block-file--media-fc7422aa-5dd9-4d1a-96ea-c750e902e847\" href=\"https:\/\/schlachthoffestival-traunsee.at\/?attachment_id=1220\" target=\"_blank\" rel=\"noreferrer noopener\">Open Call &#8211; Schlachthoffestival Traunsee 2025<\/a><a href=\"https:\/\/schlachthoffestival-traunsee.at\/wp-content\/uploads\/2024\/12\/Ausschreibung_Layout__.pdf\" class=\"wp-block-file__button wp-element-button\" download aria-describedby=\"wp-block-file--media-fc7422aa-5dd9-4d1a-96ea-c750e902e847\">Herunterladen<\/a><\/div>\n","protected":false},"excerpt":{"rendered":"<p>Can We Skip To The Good Part? So lautet der \u00fcbergeordnete Titel, des Schlachthoffestival Traunsee 2025, welchesvom 2. bis zum 4. Mai 2025 erneut im Gruber Schlachthof in Traunkirchen stattfindenwird. Das Schlachthoffestival Traunsee ist seit Beginn an ein Projekt der Gemeinschaftlichkeit. Wir bieten dir eine einzigartige Ausstellungsm\u00f6glichkeit in einem aktiven Schlachthof, der sich f\u00fcr drei &hellip; <\/p>\n<p class=\"link-more\"><a href=\"https:\/\/schlachthoffestival-traunsee.at\/?page_id=1193\" class=\"more-link\">Mehr <span class=\"screen-reader-text\">\u00fcber &#8222;&#8220; <\/span>Lesen<\/a><\/p>\n","protected":false},"author":1,"featured_media":0,"parent":0,"menu_order":0,"comment_status":"closed","ping_status":"closed","template":"","meta":{"_uag_custom_page_level_css":"","footnotes":""},"yoast_head":"<!-- This site is optimized with the Yoast SEO plugin v24.5 - https:\/\/yoast.com\/wordpress\/plugins\/seo\/ -->\n<title>- Schlachthoffestival Traunsee<\/title>\n<meta name=\"robots\" content=\"index, follow, max-snippet:-1, max-image-preview:large, max-video-preview:-1\" \/>\n<link rel=\"canonical\" href=\"https:\/\/schlachthoffestival-traunsee.at\/?page_id=1193\" \/>\n<meta property=\"og:locale\" content=\"de_DE\" \/>\n<meta property=\"og:type\" content=\"article\" \/>\n<meta property=\"og:title\" content=\"- Schlachthoffestival Traunsee\" \/>\n<meta property=\"og:description\" content=\"Can We Skip To The Good Part? So lautet der \u00fcbergeordnete Titel, des Schlachthoffestival Traunsee 2025, welchesvom 2. bis zum 4. Mai 2025 erneut im Gruber Schlachthof in Traunkirchen stattfindenwird. Das Schlachthoffestival Traunsee ist seit Beginn an ein Projekt der Gemeinschaftlichkeit. Wir bieten dir eine einzigartige Ausstellungsm\u00f6glichkeit in einem aktiven Schlachthof, der sich f\u00fcr drei &hellip; Mehr \u00fcber &quot;&quot; Lesen\" \/>\n<meta property=\"og:url\" content=\"https:\/\/schlachthoffestival-traunsee.at\/?page_id=1193\" \/>\n<meta property=\"og:site_name\" content=\"Schlachthoffestival Traunsee\" \/>\n<meta property=\"article:modified_time\" content=\"2025-04-12T18:02:55+00:00\" \/>\n<meta property=\"og:image\" content=\"https:\/\/schlachthoffestival-traunsee.at\/wp-content\/uploads\/2025\/04\/Foto-von-Gschosmo2.jpg\" \/>\n\t<meta property=\"og:image:width\" content=\"1600\" \/>\n\t<meta property=\"og:image:height\" content=\"1066\" \/>\n\t<meta property=\"og:image:type\" content=\"image\/jpeg\" \/>\n<meta name=\"twitter:card\" content=\"summary_large_image\" \/>\n<meta name=\"twitter:label1\" content=\"Gesch\u00e4tzte Lesezeit\" \/>\n\t<meta name=\"twitter:data1\" content=\"2\u00a0Minuten\" \/>\n<script type=\"application\/ld+json\" class=\"yoast-schema-graph\">{\"@context\":\"https:\/\/schema.org\",\"@graph\":[{\"@type\":\"WebPage\",\"@id\":\"https:\/\/schlachthoffestival-traunsee.at\/?page_id=1193\",\"url\":\"https:\/\/schlachthoffestival-traunsee.at\/?page_id=1193\",\"name\":\"- Schlachthoffestival Traunsee\",\"isPartOf\":{\"@id\":\"https:\/\/schlachthoffestival-traunsee.at\/#website\"},\"primaryImageOfPage\":{\"@id\":\"https:\/\/schlachthoffestival-traunsee.at\/?page_id=1193#primaryimage\"},\"image\":{\"@id\":\"https:\/\/schlachthoffestival-traunsee.at\/?page_id=1193#primaryimage\"},\"thumbnailUrl\":\"https:\/\/schlachthoffestival-traunsee.at\/wp-content\/uploads\/2025\/04\/Foto-von-Gschosmo2.jpg\",\"datePublished\":\"2024-12-27T16:53:19+00:00\",\"dateModified\":\"2025-04-12T18:02:55+00:00\",\"inLanguage\":\"de\",\"potentialAction\":[{\"@type\":\"ReadAction\",\"target\":[\"https:\/\/schlachthoffestival-traunsee.at\/?page_id=1193\"]}]},{\"@type\":\"ImageObject\",\"inLanguage\":\"de\",\"@id\":\"https:\/\/schlachthoffestival-traunsee.at\/?page_id=1193#primaryimage\",\"url\":\"https:\/\/schlachthoffestival-traunsee.at\/wp-content\/uploads\/2025\/04\/Foto-von-Gschosmo2.jpg\",\"contentUrl\":\"https:\/\/schlachthoffestival-traunsee.at\/wp-content\/uploads\/2025\/04\/Foto-von-Gschosmo2.jpg\",\"width\":1600,\"height\":1066},{\"@type\":\"WebSite\",\"@id\":\"https:\/\/schlachthoffestival-traunsee.at\/#website\",\"url\":\"https:\/\/schlachthoffestival-traunsee.at\/\",\"name\":\"Schlachthoffestival Traunsee\",\"description\":\"\",\"publisher\":{\"@id\":\"https:\/\/schlachthoffestival-traunsee.at\/#organization\"},\"potentialAction\":[{\"@type\":\"SearchAction\",\"target\":{\"@type\":\"EntryPoint\",\"urlTemplate\":\"https:\/\/schlachthoffestival-traunsee.at\/?s={search_term_string}\"},\"query-input\":{\"@type\":\"PropertyValueSpecification\",\"valueRequired\":true,\"valueName\":\"search_term_string\"}}],\"inLanguage\":\"de\"},{\"@type\":\"Organization\",\"@id\":\"https:\/\/schlachthoffestival-traunsee.at\/#organization\",\"name\":\"Schlachthoffestival Traunsee\",\"url\":\"https:\/\/schlachthoffestival-traunsee.at\/\",\"logo\":{\"@type\":\"ImageObject\",\"inLanguage\":\"de\",\"@id\":\"https:\/\/schlachthoffestival-traunsee.at\/#\/schema\/logo\/image\/\",\"url\":\"https:\/\/schlachthoffestival-traunsee.at\/wp-content\/uploads\/2026\/04\/cropped-cropped-WhatsApp-Image-2026-03-31-at-19.49.321-1.jpeg\",\"contentUrl\":\"https:\/\/schlachthoffestival-traunsee.at\/wp-content\/uploads\/2026\/04\/cropped-cropped-WhatsApp-Image-2026-03-31-at-19.49.321-1.jpeg\",\"width\":512,\"height\":512,\"caption\":\"Schlachthoffestival Traunsee\"},\"image\":{\"@id\":\"https:\/\/schlachthoffestival-traunsee.at\/#\/schema\/logo\/image\/\"}}]}<\/script>\n<!-- \/ Yoast SEO plugin. -->","yoast_head_json":{"title":"- Schlachthoffestival Traunsee","robots":{"index":"index","follow":"follow","max-snippet":"max-snippet:-1","max-image-preview":"max-image-preview:large","max-video-preview":"max-video-preview:-1"},"canonical":"https:\/\/schlachthoffestival-traunsee.at\/?page_id=1193","og_locale":"de_DE","og_type":"article","og_title":"- Schlachthoffestival Traunsee","og_description":"Can We Skip To The Good Part? So lautet der \u00fcbergeordnete Titel, des Schlachthoffestival Traunsee 2025, welchesvom 2. bis zum 4. Mai 2025 erneut im Gruber Schlachthof in Traunkirchen stattfindenwird. Das Schlachthoffestival Traunsee ist seit Beginn an ein Projekt der Gemeinschaftlichkeit. Wir bieten dir eine einzigartige Ausstellungsm\u00f6glichkeit in einem aktiven Schlachthof, der sich f\u00fcr drei &hellip; Mehr \u00fcber \"\" Lesen","og_url":"https:\/\/schlachthoffestival-traunsee.at\/?page_id=1193","og_site_name":"Schlachthoffestival Traunsee","article_modified_time":"2025-04-12T18:02:55+00:00","og_image":[{"width":1600,"height":1066,"url":"https:\/\/schlachthoffestival-traunsee.at\/wp-content\/uploads\/2025\/04\/Foto-von-Gschosmo2.jpg","type":"image\/jpeg"}],"twitter_card":"summary_large_image","twitter_misc":{"Gesch\u00e4tzte Lesezeit":"2\u00a0Minuten"},"schema":{"@context":"https:\/\/schema.org","@graph":[{"@type":"WebPage","@id":"https:\/\/schlachthoffestival-traunsee.at\/?page_id=1193","url":"https:\/\/schlachthoffestival-traunsee.at\/?page_id=1193","name":"- Schlachthoffestival Traunsee","isPartOf":{"@id":"https:\/\/schlachthoffestival-traunsee.at\/#website"},"primaryImageOfPage":{"@id":"https:\/\/schlachthoffestival-traunsee.at\/?page_id=1193#primaryimage"},"image":{"@id":"https:\/\/schlachthoffestival-traunsee.at\/?page_id=1193#primaryimage"},"thumbnailUrl":"https:\/\/schlachthoffestival-traunsee.at\/wp-content\/uploads\/2025\/04\/Foto-von-Gschosmo2.jpg","datePublished":"2024-12-27T16:53:19+00:00","dateModified":"2025-04-12T18:02:55+00:00","inLanguage":"de","potentialAction":[{"@type":"ReadAction","target":["https:\/\/schlachthoffestival-traunsee.at\/?page_id=1193"]}]},{"@type":"ImageObject","inLanguage":"de","@id":"https:\/\/schlachthoffestival-traunsee.at\/?page_id=1193#primaryimage","url":"https:\/\/schlachthoffestival-traunsee.at\/wp-content\/uploads\/2025\/04\/Foto-von-Gschosmo2.jpg","contentUrl":"https:\/\/schlachthoffestival-traunsee.at\/wp-content\/uploads\/2025\/04\/Foto-von-Gschosmo2.jpg","width":1600,"height":1066},{"@type":"WebSite","@id":"https:\/\/schlachthoffestival-traunsee.at\/#website","url":"https:\/\/schlachthoffestival-traunsee.at\/","name":"Schlachthoffestival Traunsee","description":"","publisher":{"@id":"https:\/\/schlachthoffestival-traunsee.at\/#organization"},"potentialAction":[{"@type":"SearchAction","target":{"@type":"EntryPoint","urlTemplate":"https:\/\/schlachthoffestival-traunsee.at\/?s={search_term_string}"},"query-input":{"@type":"PropertyValueSpecification","valueRequired":true,"valueName":"search_term_string"}}],"inLanguage":"de"},{"@type":"Organization","@id":"https:\/\/schlachthoffestival-traunsee.at\/#organization","name":"Schlachthoffestival Traunsee","url":"https:\/\/schlachthoffestival-traunsee.at\/","logo":{"@type":"ImageObject","inLanguage":"de","@id":"https:\/\/schlachthoffestival-traunsee.at\/#\/schema\/logo\/image\/","url":"https:\/\/schlachthoffestival-traunsee.at\/wp-content\/uploads\/2026\/04\/cropped-cropped-WhatsApp-Image-2026-03-31-at-19.49.321-1.jpeg","contentUrl":"https:\/\/schlachthoffestival-traunsee.at\/wp-content\/uploads\/2026\/04\/cropped-cropped-WhatsApp-Image-2026-03-31-at-19.49.321-1.jpeg","width":512,"height":512,"caption":"Schlachthoffestival Traunsee"},"image":{"@id":"https:\/\/schlachthoffestival-traunsee.at\/#\/schema\/logo\/image\/"}}]}},"uagb_featured_image_src":{"full":false,"thumbnail":false,"medium":false,"medium_large":false,"large":false,"1536x1536":false,"2048x2048":false,"inspiro-featured-image":false,"inspiro-loop":false,"inspiro-loop@2x":false,"portfolio_item-thumbnail":false,"portfolio_item-thumbnail@2x":false,"portfolio_item-masonry":false,"portfolio_item-masonry@2x":false,"portfolio_item-thumbnail_cinema":false,"portfolio_item-thumbnail_portrait":false,"portfolio_item-thumbnail_portrait@2x":false,"portfolio_item-thumbnail_square":false},"uagb_author_info":{"display_name":"schlachthoffestival.traunsee","author_link":"https:\/\/schlachthoffestival-traunsee.at\/?author=1"},"uagb_comment_info":0,"uagb_excerpt":"Can We Skip To The Good Part? So lautet der \u00fcbergeordnete Titel, des Schlachthoffestival Traunsee 2025, welchesvom 2. bis zum 4. Mai 2025 erneut im Gruber Schlachthof in Traunkirchen stattfindenwird. Das Schlachthoffestival Traunsee ist seit Beginn an ein Projekt der Gemeinschaftlichkeit. Wir bieten dir eine einzigartige Ausstellungsm\u00f6glichkeit in einem aktiven Schlachthof, der sich f\u00fcr drei&hellip;","featured_media_urls":[],"_links":{"self":[{"href":"https:\/\/schlachthoffestival-traunsee.at\/index.php?rest_route=\/wp\/v2\/pages\/1193"}],"collection":[{"href":"https:\/\/schlachthoffestival-traunsee.at\/index.php?rest_route=\/wp\/v2\/pages"}],"about":[{"href":"https:\/\/schlachthoffestival-traunsee.at\/index.php?rest_route=\/wp\/v2\/types\/page"}],"author":[{"embeddable":true,"href":"https:\/\/schlachthoffestival-traunsee.at\/index.php?rest_route=\/wp\/v2\/users\/1"}],"replies":[{"embeddable":true,"href":"https:\/\/schlachthoffestival-traunsee.at\/index.php?rest_route=%2Fwp%2Fv2%2Fcomments&post=1193"}],"version-history":[{"count":25,"href":"https:\/\/schlachthoffestival-traunsee.at\/index.php?rest_route=\/wp\/v2\/pages\/1193\/revisions"}],"predecessor-version":[{"id":1597,"href":"https:\/\/schlachthoffestival-traunsee.at\/index.php?rest_route=\/wp\/v2\/pages\/1193\/revisions\/1597"}],"wp:attachment":[{"href":"https:\/\/schlachthoffestival-traunsee.at\/index.php?rest_route=%2Fwp%2Fv2%2Fmedia&parent=1193"}],"curies":[{"name":"wp","href":"https:\/\/api.w.org\/{rel}","templated":true}]}}